{"id":602,"date":"2018-05-14T14:28:32","date_gmt":"2018-05-14T14:28:32","guid":{"rendered":"http:\/\/mostly-harmless.org\/?page_id=602"},"modified":"2018-05-15T14:25:15","modified_gmt":"2018-05-15T14:25:15","slug":"datenschutzerklarung","status":"publish","type":"page","link":"http:\/\/mostly-harmless.org\/?page_id=602","title":{"rendered":"Datenschutzerkl\u00e4rung"},"content":{"rendered":"<p><span style=\"color: #3c3c3c;\"><span style=\"font-family: Arial, sans-serif;\"><span style=\"font-size: medium;\"><b>Geltungsbereich<\/b><\/span><\/span><\/span><\/p>\n<p><span style=\"color: #333333;\"><span style=\"font-family: Arial, sans-serif;\">Diese Datenschutzerkl\u00e4rung soll die Nutzer dieser Website gem\u00e4\u00df Bundesdatenschutzgesetz und Telemediengesetz \u00fcber die Art, den Umfang und den Zweck der Erhebung und Verwendung personenbezogener Daten durch den Websitebetreiber informieren.<\/span><\/span><\/p>\n<p><span style=\"color: #333333;\"><span style=\"font-family: Arial, sans-serif;\">Der Websitebetreiber nimmt Ihren Datenschutz sehr, sehr ernst und behandelt Ihre personenbezogenen Daten vertraulich und entsprechend der gesetzlichen Vorschriften.<\/span><\/span><\/p>\n<p><span style=\"color: #333333;\"><span style=\"font-family: Arial, sans-serif;\">Bedenken Sie, dass die Daten\u00fcbertragung im Internet grunds\u00e4tzlich mit Sicherheitsl\u00fccken bedacht sein kann. Ein vollumf\u00e4nglicher Schutz vor dem Zugriff durch Fremde ist nicht realisierbar.<\/span><\/span><\/p>\n<h4 class=\"western\"><span style=\"color: #3c3c3c;\"><span style=\"font-family: Arial, sans-serif;\">Zugriffsdaten<\/span><\/span><\/h4>\n<p><span style=\"font-family: 'Times New Roman', serif;\"><span style=\"font-size: medium;\"><span style=\"color: #333333;\"><span style=\"font-family: Arial, sans-serif;\"><span style=\"font-size: small;\">Der Websitebetreiber bzw. Seitenprovider erhebt Daten \u00fcber Zugriffe auf die Seite und speichert diese als \u201eServer-Logfiles\u201c ab. Folgende Daten werden so protokolliert:<\/span><\/span><\/span><\/span><\/span><\/p>\n<ul>\n<li><span style=\"color: #333333;\"><span style=\"font-family: Arial, sans-serif;\">Besuchte Website<\/span><\/span><\/li>\n<li><span style=\"color: #333333;\"><span style=\"font-family: Arial, sans-serif;\">Uhrzeit zum Zeitpunkt des Zugriffes<\/span><\/span><\/li>\n<li><span style=\"color: #333333;\"><span style=\"font-family: Arial, sans-serif;\">Menge der gesendeten Daten in Byte<\/span><\/span><\/li>\n<li><span style=\"color: #333333;\"><span style=\"font-family: Arial, sans-serif;\">Quelle\/Verweis, von welchem Sie auf die Seite gelangten<\/span><\/span><\/li>\n<li><span style=\"color: #333333;\"><span style=\"font-family: Arial, sans-serif;\">Verwendeter Browser<\/span><\/span><\/li>\n<li><span style=\"color: #333333;\"><span style=\"font-family: Arial, sans-serif;\">Verwendetes Betriebssystem<\/span><\/span><\/li>\n<li><span style=\"color: #333333;\"><span style=\"font-family: Arial, sans-serif;\">Verwendete IP-Adresse<\/span><\/span><\/li>\n<\/ul>\n<p><span style=\"font-family: 'Times New Roman', serif;\"><span style=\"font-size: medium;\"><span style=\"color: #333333;\"><span style=\"font-family: Arial, sans-serif;\"><span style=\"font-size: small;\">Die erhobenen Daten dienen lediglich statistischen Auswertungen und zur Verbesserung der Website. Der Websitebetreiber beh\u00e4lt sich allerdings vor, die Server-Logfiles nachtr\u00e4glich zu \u00fcberpr\u00fcfen, sollten konkrete Anhaltspunkte auf eine rechtswidrige Nutzung hinweisen.<\/span><\/span><\/span><\/span><\/span><\/p>\n<h4 class=\"western\"><span style=\"color: #3c3c3c;\"><span style=\"font-family: Arial, sans-serif;\">Cookies<\/span><\/span><\/h4>\n<p><span style=\"font-family: 'Times New Roman', serif;\"><span style=\"font-size: medium;\"><span style=\"color: #333333;\"><span style=\"font-family: Arial, sans-serif;\"><span style=\"font-size: small;\">Diese Website verwendet Cookies. Dabei handelt es sich um kleine Textdateien, welche auf Ihrem Endger\u00e4t gespeichert werden. Ihr Browser greift auf diese Dateien zu. Durch den Einsatz von Cookies erh\u00f6ht sich die Benutzerfreundlichkeit und Sicherheit dieser Website.<\/span><\/span><\/span><\/span><\/span><\/p>\n<p><span style=\"font-family: 'Times New Roman', serif;\"><span style=\"font-size: medium;\"><span style=\"color: #333333;\"><span style=\"font-family: Arial, sans-serif;\"><span style=\"font-size: small;\">G\u00e4ngige Browser bieten die Einstellungsoption, Cookies nicht zuzulassen. Hinweis: Es ist nicht gew\u00e4hrleistet, dass Sie auf alle Funktionen dieser Website ohne Einschr\u00e4nkungen zugreifen k\u00f6nnen, wenn Sie entsprechende Einstellungen vornehmen.<\/span><\/span><\/span><\/span><\/span><\/p>\n<h4 class=\"western\"><span style=\"color: #3c3c3c;\"><span style=\"font-family: Arial, sans-serif;\">Umgang mit personenbezogenen Daten<\/span><\/span><\/h4>\n<p><span style=\"font-family: 'Times New Roman', serif;\"><span style=\"font-size: medium;\"><span style=\"color: #333333;\"><span style=\"font-family: Arial, sans-serif;\"><span style=\"font-size: small;\">Der Websitebetreiber erhebt, nutzt und gibt Ihre personenbezogenen Daten nur dann weiter, wenn dies im gesetzlichen Rahmen erlaubt ist oder Sie in die Datenerhebung einwilligen.<\/span><\/span><\/span><\/span><\/span><\/p>\n<p><span style=\"color: #333333;\"><span style=\"font-family: Arial, sans-serif;\"><span style=\"font-size: small;\">Als personenbezogene Daten gelten s\u00e4mtliche Informationen, welche dazu dienen, Ihre Person zu bestimmen und welche zu Ihnen zur\u00fcckverfolgt werden k\u00f6nnen \u2013 also beispielsweise Ihr Name, Ihre E-Mail-Adresse und Telefonnummer.<\/span><\/span><\/span><\/p>\n<h4 class=\"western\"><span style=\"color: #3c3c3c;\"><span style=\"font-family: Arial, sans-serif;\">Umgang mit Kontaktdaten<\/span><\/span><\/h4>\n<p><span style=\"font-family: 'Times New Roman', serif;\"><span style=\"font-size: medium;\"><span style=\"color: #333333;\"><span style=\"font-family: Arial, sans-serif;\"><span style=\"font-size: small;\">Nehmen Sie mit dem Websitebetreiber durch die angebotenen Kontaktm\u00f6glichkeiten Verbindung auf, werden Ihre Angaben gespeichert, damit auf diese zur Bearbeitung und Beantwortung Ihrer Anfrage zur\u00fcckgegriffen werden kann. Ohne Ihre Einwilligung werden diese Daten nicht an Dritte weitergegeben.<\/span><\/span><\/span><\/span><\/span><\/p>\n<h4 class=\"western\"><span style=\"color: #3c3c3c;\"><span style=\"font-family: Arial, sans-serif;\">Umgang mit Kommentaren und Beitr\u00e4gen<\/span><\/span><\/h4>\n<p><span style=\"font-family: 'Times New Roman', serif;\"><span style=\"font-size: medium;\"><span style=\"color: #333333;\"><span style=\"font-family: Arial, sans-serif;\"><span style=\"font-size: small;\">Hinterlassen Sie auf dieser Website einen Beitrag oder Kommentar, wird Ihre IP-Adresse gespeichert. Dies dient der Sicherheit des Websitebetreibers: Verst\u00f6\u00dft Ihr Text gegen das Recht, m\u00f6chte er Ihre Identit\u00e4t nachverfolgen k\u00f6nnen.<\/span><\/span><\/span><\/span><\/span><\/p>\n<h4 class=\"western\"><span style=\"color: #3c3c3c;\"><span style=\"font-family: Arial, sans-serif;\">Rechte des Nutzers: Auskunft, Berichtigung und L\u00f6schung<\/span><\/span><\/h4>\n<p><span style=\"color: #333333;\"><span style=\"font-family: Arial, sans-serif;\"><span style=\"font-size: small;\">Sie als Nutzer erhalten auf Antrag Ihrerseits kostenlose Auskunft dar\u00fcber, welche personenbezogenen Daten \u00fcber Sie gespeichert wurden. Sofern Ihr Wunsch nicht mit einer gesetzlichen Pflicht zur Aufbewahrung von Daten (z. B. Vorratsdatenspeicherung) kollidiert, haben Sie ein Anrecht auf Berichtigung falscher Daten und auf die Sperrung oder L\u00f6schung Ihrer personenbezogenen Daten.<\/span><\/span><\/span><\/p>\n","protected":false},"excerpt":{"rendered":"<p>Geltungsbereich Diese Datenschutzerkl\u00e4rung soll die Nutzer dieser Website gem\u00e4\u00df Bundesdatenschutzgesetz und Telemediengesetz \u00fcber die Art, den Umfang und den Zweck der Erhebung und Verwendung personenbezogener Daten durch den Websitebetreiber informieren. Der Websitebetreiber nimmt Ihren Datenschutz sehr, sehr ernst und behandelt Ihre personenbezogenen Daten vertraulich und entsprechend der gesetzlichen Vorschriften. Bedenken Sie, dass die Daten\u00fcbertragung im Internet grunds\u00e4tzlich mit Sicherheitsl\u00fccken bedacht sein kann. Ein vollumf\u00e4nglicher Schutz vor dem Zugriff durch Fremde ist nicht realisierbar. Zugriffsdaten Der Websitebetreiber bzw. Seitenprovider erhebt Daten&#8230;<\/p>\n<p class=\"read-more\"><a class=\"btn btn-default\" href=\"http:\/\/mostly-harmless.org\/?page_id=602\"> Read More<span class=\"screen-reader-text\">  Read More<\/span><\/a><\/p>\n","protected":false},"author":2,"featured_media":0,"parent":0,"menu_order":0,"comment_status":"closed","ping_status":"closed","template":"","meta":{"footnotes":""},"_links":{"self":[{"href":"http:\/\/mostly-harmless.org\/index.php?rest_route=\/wp\/v2\/pages\/602"}],"collection":[{"href":"http:\/\/mostly-harmless.org\/index.php?rest_route=\/wp\/v2\/pages"}],"about":[{"href":"http:\/\/mostly-harmless.org\/index.php?rest_route=\/wp\/v2\/types\/page"}],"author":[{"embeddable":true,"href":"http:\/\/mostly-harmless.org\/index.php?rest_route=\/wp\/v2\/users\/2"}],"replies":[{"embeddable":true,"href":"http:\/\/mostly-harmless.org\/index.php?rest_route=%2Fwp%2Fv2%2Fcomments&post=602"}],"version-history":[{"count":3,"href":"http:\/\/mostly-harmless.org\/index.php?rest_route=\/wp\/v2\/pages\/602\/revisions"}],"predecessor-version":[{"id":618,"href":"http:\/\/mostly-harmless.org\/index.php?rest_route=\/wp\/v2\/pages\/602\/revisions\/618"}],"wp:attachment":[{"href":"http:\/\/mostly-harmless.org\/index.php?rest_route=%2Fwp%2Fv2%2Fmedia&parent=602"}],"curies":[{"name":"wp","href":"https:\/\/api.w.org\/{rel}","templated":true}]}}